mon factor of b and f?
5
Suppose 0*x + a + 249 = 3*x, -426 = -5*x - 2*a. What is the greatest common factor of 12 and x?
12
Suppose 0 = 4*f - 0 - 116. Suppose f*s - 28*s - 16 = 0. Suppose -5*u = 3*r - 105, 2*u - 7*u = 15. Calculate the greatest common divisor of s and r.
8
Suppose -10*r + 1110 = -4*r. What is the highest common factor of 37 and r?
37
Let x(u) = -8*u + 134. Let p be x(10). What is the greatest common divisor of p and 522?
18
Suppose -2921 = -13*g - 2882. Let i(d) = -7*d - 3. Let u be i(-6). What is the greatest common divisor of g and u?
3
Let o be 4 + (47 - 2 - -3). Calculate the greatest common factor of 4 and o.
4
Suppose -5*p + 21 = -9. Let x(n) = 7*n - 2. Let w be x(1). Suppose 0 = -3*k - w*b + 18, -2*k - 3*k = 3*b - 30. Calculate the highest common divisor of k and p.
6
Suppose -15 = -p - 4*h + 49, 2*h - 60 = -p. Calculate the greatest common divisor of 196 and p.
28
Let i(w) = 3*w**2 + 20*w - 9. Let u be i(-10). What is the greatest common divisor of 14 and u?
7
Let g(p) = -p + 14. Let s be g(10). Suppose -113 + 41 = -s*t. Let c = 31 + -19. Calculate the highest common factor of c and t.
6
Let w be 3644/12 - (-161)/69. What is the highest common divisor of w and 663?
51
Suppose 4*g = 272 - 40. Suppose -22 = -8*d + g. Suppose -17 = -m + v + 4*v, m + 5*v + 13 = 0. Calculate the highest common factor of m and d.
2
Suppose -2*v = -7*v + 490. Let b = -38 - -21. Let t = -3 - b. Calculate the greatest common factor of t and v.
14
Suppose -20*k + 620 = 11*k. Calculate the greatest common factor of k and 290.
10
Let u(c) = -c**2 + c + 1. Let y be u(2). Suppose 24*i + 80 = 4*i. Let w be -2 - y/(i/(-32)). Calculate the highest common factor of w and 42.
6
Suppose 4*q = -20, 3*h + 5*q - 327 = -h. What is the greatest common divisor of 8 and h?
8
Let v = -2795 + 2885. Suppose 0 = 3*c - 42 + 12. What is the greatest common divisor of v and c?
10
Let w be (-3 + -2)*(-4)/5. Suppose -5*t - w + 34 = 0. Suppose 23*q - 222 = -51*q. What is the highest common factor of q and t?
3
Let u(t) = -2*t + 7. Let x be u(5). Let j be 1/(x - 28/(-8)). Suppose 17 + 9 = j*w. What is the greatest common divisor of w and 13?
13
Let a(d) = -d**2 + 15*d - 46. Let t be a(9). Calculate the greatest common divisor of 2 and t.
2
Let p = -193 + 265. Calculate the greatest common divisor of p and 8.
8
Suppose -26*k + 24*k + 16 = 0. Let y be 12*(k - 4)/4. Let x = -18 + 42. Calculate the highest common factor of x and y.
12
Let q = -1267 - -2630. Calculate the highest common divisor of q and 58.
29
Suppose -3*i + 20 = -i. Let x be 4/i + 390/25. What is the highest common divisor of 8 and x?
8
Let n(l) = l**2 + 5*l - 2. Let r be n(-6). Let o = 47 + -27. What is the greatest common factor of o and r?
4
Let o be ((-5)/2)/((-10)/8). Suppose 22 = o*r - 24. What is the highest common divisor of 207 and r?
23
Let o be (3 - 2)*2/(-2). Suppose -3*p = 4*p - 154. Let f be ((-15)/6)/(o/p). Calculate the greatest common factor of 11 and f.
11
Let p(k) = -k**3 - 2*k**2 + 13*k + 5. Let x be p(-5). Calculate the highest common divisor of x and 27.
3
Let l(o) = -o + 27. Suppose -v - k - 5 = 0, -11 = 2*v - k + 2. Let q be l(v). Calculate the highest common factor of q and 33.
33
Suppose -63*y = 5*b - 62*y - 1298, 2*y = -5*b + 1296. Calculate the greatest common divisor of b and 208.
52
Suppose 4*i - 12 = -2*f, -2*f = 3*i - 2 - 10. Suppose -136 + 1186 = f*v. What is the highest common divisor of 25 and v?
25
Suppose -4*m - 609 = -a, -5*a - 21*m = -19*m - 2935. Calculate the greatest common factor of a and 124.
31
Let n be (-99)/(-6)*(2 - 0). Suppose -2*s + 35 + n = 4*p, 3*p + s = 50. Let a = 179 + -67. Calculate the greatest common factor of p and a.
16
Let x be (40/18 - 2) + 68/18. Calculate the greatest common factor of x and 596.
4
Suppose -1785 = -29*f - 45. Calculate the greatest common factor of 210 and f.
30
Let x(o) = 5*o - 19. Suppose k = 3*y + 2, -3*k - 7 = -4*y - 23. Let z be x(k). Calculate the highest common divisor of z and 147.
21
Let q = -327 - -362. Let v be (7 - 0)*-2 + 2. Let a = v + 26. Calculate the greatest common factor of q and a.
7
Let t be (2/(-4))/(2/28). Let p be t + 6 - (0 + 9). Let f = p - -25. Calculate the highest common factor of 15 and f.
15
Let u = 37 - -3. What is the greatest common factor of 30 and u?
10
Suppose -15*q + 6525 = 30*q. Calculate the highest common divisor of q and 87.
29
Let i be ((-4)/8 + 1)*6. Suppose -48 = 3*k + i*o, -5*o + 100 = -4*k - 0*k. Let b be (-4)/(8/k*1). What is the greatest common divisor of b and 5?
5
Let c be 1*(-7)/((-49)/21049). Calculate the highest common factor of c and 31.
31
Let q = 709 + 263. Calculate the highest common divisor of q and 36.
36
Suppose -30*x + 24*x + 84 = 0. What is the greatest common factor of 49 and x?
7
Let n = 445 - 261. Calculate the greatest common divisor of n and 16.
8
Let b be (-16)/2 - 0/(3 + 2). Let w be (-16 - b)*(-8)/2. What is the greatest common divisor of w and 64?
32
Let c(l) = -52*l - 53. Let p(t) = -17*t - 18. Let j(h) = -2*c(h) + 7*p(h). Let g be j(-8). Calculate the greatest common factor of g and 10.
10
Let n be 3 + 1 + -6 - -227. What is the greatest common divisor of n and 75?
75
Suppose -k + 2*k = 2*w - 8, 5*k + 4*w = -26. Let i be (3/2 - -2)*2. Let v = k + i. Calculate the highest common factor of 8 and v.
1
Let g(x) be the first derivative of -x**4/2 - 2*x**3 - x**2/2 - x - 9. Let q be g(-4). Calculate the greatest common divisor of 5 and q.
5
Let c be (-68)/17 + -1 + 0 + 41. What is the highest common divisor of c and 1332?
36
Let w be 64/24*(-45)/(-6). Suppose -2 = 2*v - w. What is the highest common divisor of 45 and v?
9
Suppose -72 = q + q. Let p be (-588)/q + (-2)/6. What is the greatest common divisor of p and 80?
16
Let l(c) = 23*c**2 - c. Let d = -1 + 2. Let n be l(d). What is the highest common divisor of 176 and n?
22
Suppose -5*n - 50 = -y, -5*y = -2*y - 5*n - 140. What is the greatest common divisor of y and 315?
45
Let d be (-1)/((95/(-90))/(-19))*-4. Calculate the greatest common factor of 24 and d.
24
Suppose -275 = -979*i + 968*i. Calculate the highest common factor of 75 and i.
25
Let k = 66 + -22. Suppose -4*x + 52 + k = 0. Let l = x + -11. What is the highest common divisor of 39 and l?
13
Let q(j) = -j + 19. Let r be q(-6). Suppose 5*c - z = -6*z + r, -3*z + 23 = 5*c. What is the highest common factor of 36 and c?
4
Let p be (7 + -4)/6 + (-609)/(-14). Calculate the greatest common divisor of 209 and p.
11
Let s(p) = p**3 + p**2 + p + 1. Let j be s(-1). Suppose j*i - 8*i + 160 = 0. Calculate the greatest common factor of i and 8.
4
Let t = 0 + 3. Let v be ((-4)/t)/((-5)/60). Suppose 0 = -4*l + a + 316, -l + 4*a - a = -68. Calculate the greatest common divisor of v and l.
16
Let d(g) = 4 + 0 - 7*g - 7*g + 0*g. Let v be d(2). Let f be ((-88)/v)/(2/6). Calculate the greatest common divisor of f and 33.
11
Suppose 2*w + 0*x - 143 = x, 5*x + 15 = 0. Let z(l) = l**2 - 5*l - 38. Let b be z(-6). What is the greatest common factor of w and b?
14
Suppose -k - 16 = 4. Let p = k - -35. Let g(n) = -n**2 + 17*n - 13. Let c be g(p). What is the greatest common divisor of c and 119?
17
Let b = -3294 - -5589. What is the greatest common factor of b and 85?
85
Suppose 3*k - 2*l = 6 + 5, 0 = -5*k + 4*l + 19. Suppose -5*a = -k*i + 183, 3*i + 5*a - a = 156. What is the highest common divisor of i and 28?
28
Suppose 0 = 4*w + 2*j - 10, 3*j - 15 = 3*w - 4*w. Let i be (-9)/(-12) - 1/(-4). Suppose s + w = i. Calculate the greatest common factor of s and 1.
1
Let i = 5 - -1. Let f(m) = -15*m + 17. Let u be f(1). Calculate the highest common factor of u and i.
2
Suppose -78 + 90 = 4*f. Calculate the greatest common divisor of 23 and f.
1
Let s be (-9*(-20)/(-12))/(6/68). Let k = 45 - s. Calculate the greatest common factor of 43 and k.
43
Suppose 4*g + 53 - 217 = 0. Let d be -2 + 2 + -5 + g. What is the greatest common divisor of 54 and d?
18
Let k(c) = -c**3 + 9*c**2 + 6*c - 11. Let p be k(7). Suppose 0 = -o - 5 + p. Let s be 186/12*(-4)/(-2). What is the greatest common divisor of o and s?
31
Let d be (-21 - -27)*(-2 - 14/(-6)). Let q = -60 + 104. Suppose k - 2*n - q = d*n, n = k - 44. What is the highest common factor of k and 4?
4
Suppose 4*f - 2*d + 138 = -172, d